{"id":199,"date":"2018-02-21T17:51:45","date_gmt":"2018-02-21T16:51:45","guid":{"rendered":"http:\/\/www.bellesimagesphotographies.com\/?page_id=199"},"modified":"2025-10-11T21:18:48","modified_gmt":"2025-10-11T19:18:48","slug":"mentions-legales","status":"publish","type":"page","link":"https:\/\/www.bellesimagesphotographies.com\/index.php\/mentions-legales\/","title":{"rendered":"Mentions l\u00e9gales"},"content":{"rendered":"<p><strong><em>Mentions l\u00e9gales<\/em><\/strong><\/p>\n<p><strong><em>Association :<\/em><\/strong><\/p>\n<p><em>Nom de l\u2019association\u00a0: Club des Belles Images<br \/>\n<\/em><em>Adresse : 1 rue Giraudon, 95200 Sarcelles<\/em><\/p>\n<p><em>C<\/em>entre Culturel Simone Veil<\/p>\n<p><em>Num\u00e9ro de t\u00e9l\u00e9phone\u00a0: 01 39 94 85 00<br \/>\nE-mail : webmaster@bellesimages.com<\/em><\/p>\n<p><em>Directeur de la publication (nom du pr\u00e9sident de l\u2019association)\u00a0: Beauville Martial<\/em><\/p>\n<p><strong><em>H\u00e9bergeur\u00a0:<\/em><\/strong><\/p>\n<p><em>OVH<br \/>\n<\/em><em>Adresse du si\u00e8ge sociale :<br \/>\n2 rue Kellermann<br \/>\n59100 Roubaix<br \/>\n<\/em>Num\u00e9ro de t\u00e9l\u00e9phone :<br \/>\n09 72 37 97 74<br \/>\n09 72 54 87 70<br \/>\n09 72 54 96 80<\/p>\n","protected":false},"excerpt":{"rendered":"<p>Mentions l\u00e9gales Association : Nom de l\u2019association\u00a0: Club des Belles Images Adresse : 1 rue Giraudon, 95200 Sarcelles Centre Culturel Simone Veil Num\u00e9ro de t\u00e9l\u00e9phone\u00a0: 01 39 94 85 00 E-mail : webmaster@bellesimages.com Directeur de la publication (nom du pr\u00e9sident de l\u2019association)\u00a0: Beauville Martial H\u00e9bergeur\u00a0: OVH Adresse du si\u00e8ge sociale : 2 rue Kellermann 59100 [&hellip;]<\/p>\n","protected":false},"author":1,"featured_media":0,"parent":0,"menu_order":0,"comment_status":"closed","ping_status":"closed","template":"","meta":{"footnotes":""},"class_list":["post-199","page","type-page","status-publish","hentry"],"_links":{"self":[{"href":"https:\/\/www.bellesimagesphotographies.com\/index.php\/wp-json\/wp\/v2\/pages\/199","targetHints":{"allow":["GET"]}}],"collection":[{"href":"https:\/\/www.bellesimagesphotographies.com\/index.php\/wp-json\/wp\/v2\/pages"}],"about":[{"href":"https:\/\/www.bellesimagesphotographies.com\/index.php\/wp-json\/wp\/v2\/types\/page"}],"author":[{"embeddable":true,"href":"https:\/\/www.bellesimagesphotographies.com\/index.php\/wp-json\/wp\/v2\/users\/1"}],"replies":[{"embeddable":true,"href":"https:\/\/www.bellesimagesphotographies.com\/index.php\/wp-json\/wp\/v2\/comments?post=199"}],"version-history":[{"count":4,"href":"https:\/\/www.bellesimagesphotographies.com\/index.php\/wp-json\/wp\/v2\/pages\/199\/revisions"}],"predecessor-version":[{"id":11721,"href":"https:\/\/www.bellesimagesphotographies.com\/index.php\/wp-json\/wp\/v2\/pages\/199\/revisions\/11721"}],"wp:attachment":[{"href":"https:\/\/www.bellesimagesphotographies.com\/index.php\/wp-json\/wp\/v2\/media?parent=199"}],"curies":[{"name":"wp","href":"https:\/\/api.w.org\/{rel}","templated":true}]}}