{"id":86,"date":"2018-02-20T10:31:05","date_gmt":"2018-02-20T09:31:05","guid":{"rendered":"http:\/\/www.bellesimagesphotographies.com\/?page_id=86"},"modified":"2021-03-07T00:17:22","modified_gmt":"2021-03-06T23:17:22","slug":"beauville-martial","status":"publish","type":"page","link":"https:\/\/www.bellesimagesphotographies.com\/index.php\/les-membres\/beauville-martial\/","title":{"rendered":"Beauville Martial"},"content":{"rendered":"<blockquote><p>Membre des belles Images depuis juin 1982, Martial pratique n\u00e9anmoins la photographie depuis plus de 20 ans.<br>\nAux Belles Images, c\u2019est le pr\u00e9sident, coordonnant l\u2019ensemble des d\u00e9cisions, c\u2019est en outre la m\u00e9moire collective du club puisqu\u2019il archive tout. C\u2019est aussi l\u2019initiateur de notre journal photo BELLES IMAGES PHOTOGRAPHIE, bulletin distribu\u00e9 partout dans le milieu photographique. Reporter dans l\u2019\u00e2me, il photographie tout ce qui bouge. Son book comporte les images des plus grands comme les plus humbles. On y c\u00f4toie Mitterrand, Chirac, Jospin mais aussi Catherine Deneuve, Serge Gainsbourg ou Marie France Pisier. Son amour immod\u00e9r\u00e9 des femmes l&rsquo;am\u00e8ne souvent \u00e0 ne photographier que la gent f\u00e9minine lors d\u2019\u00e9v\u00e9nements divers au grand d\u00e9sarroi des \u00e9l\u00e9ments masculins ! Martial est retourn\u00e9 \u00e0 deux reprises dans son pays natal, le Vietnam, quitt\u00e9 \u00e0 l&rsquo;\u00e2ge de 2 ans, pour photographier un pays meurtri qui r\u00e9apprend \u00e0 vivre. Deux expositions sur le Vietnam ont eu lieu, l\u2019une au quartier latin \u00e0 Paris et l\u2019autre ici \u00e0 Sarcelles, lui valant quelques articles flatteurs dans la presse nationale.<br>\nMartial collabore parfois \u00e0 des revues de photographie.<\/p>\n<p>&#8211; Texte et photographies &#8211;<br>\nPublications dans France photographie, le Magazine de la Photo, Photographe Amateur magazine, R\u00e9ponses Photo et bien s\u00fbr Belles Images Photographies&#8230;<\/p><\/blockquote>\n\n\n<table id=\"tablepress-11\" class=\"tablepress tablepress-id-11\">\n<thead>\n<tr class=\"row-1\">\n\t<th class=\"column-1\"><a href=\"https:\/\/www.bellesimagesphotographies.com\/index.php\/image\/bm-isis\/\">Isis<\/a><\/th>\n<\/tr>\n<\/thead>\n<tbody class=\"row-striping row-hover\">\n<tr class=\"row-2\">\n\t<td class=\"column-1\"><a href=\"https:\/\/www.bellesimagesphotographies.com\/index.php\/image\/bm-couleurs\/\">Couleurs<\/a><\/td>\n<\/tr>\n<tr class=\"row-3\">\n\t<td class=\"column-1\"><a href=\"https:\/\/www.bellesimagesphotographies.com\/index.php\/image\/bm-ceremonie-sarcelles-23-mai-abolition-esclavage\/\">C\u00e9r\u00e9monie Sarcelles 23 mai abolition esclavage<\/a><\/td>\n<\/tr>\n<tr class=\"row-4\">\n\t<td class=\"column-1\"><\/td>\n<\/tr>\n<\/tbody>\n<\/table>\n<!-- #tablepress-11 from cache -->\n","protected":false},"excerpt":{"rendered":"<p>Membre des belles Images depuis juin 1982, Martial pratique n\u00e9anmoins la photographie depuis plus de 20 ans. Aux Belles Images, c\u2019est le pr\u00e9sident, coordonnant l\u2019ensemble des d\u00e9cisions, c\u2019est en outre la m\u00e9moire collective du club puisqu\u2019il archive tout. C\u2019est aussi l\u2019initiateur de notre journal photo BELLES IMAGES PHOTOGRAPHIE, bulletin distribu\u00e9 partout dans le milieu photographique. [&hellip;]<\/p>\n","protected":false},"author":1,"featured_media":0,"parent":30,"menu_order":0,"comment_status":"closed","ping_status":"closed","template":"","meta":{"footnotes":""},"class_list":["post-86","page","type-page","status-publish","hentry"],"_links":{"self":[{"href":"https:\/\/www.bellesimagesphotographies.com\/index.php\/wp-json\/wp\/v2\/pages\/86","targetHints":{"allow":["GET"]}}],"collection":[{"href":"https:\/\/www.bellesimagesphotographies.com\/index.php\/wp-json\/wp\/v2\/pages"}],"about":[{"href":"https:\/\/www.bellesimagesphotographies.com\/index.php\/wp-json\/wp\/v2\/types\/page"}],"author":[{"embeddable":true,"href":"https:\/\/www.bellesimagesphotographies.com\/index.php\/wp-json\/wp\/v2\/users\/1"}],"replies":[{"embeddable":true,"href":"https:\/\/www.bellesimagesphotographies.com\/index.php\/wp-json\/wp\/v2\/comments?post=86"}],"version-history":[{"count":3,"href":"https:\/\/www.bellesimagesphotographies.com\/index.php\/wp-json\/wp\/v2\/pages\/86\/revisions"}],"predecessor-version":[{"id":2477,"href":"https:\/\/www.bellesimagesphotographies.com\/index.php\/wp-json\/wp\/v2\/pages\/86\/revisions\/2477"}],"up":[{"embeddable":true,"href":"https:\/\/www.bellesimagesphotographies.com\/index.php\/wp-json\/wp\/v2\/pages\/30"}],"wp:attachment":[{"href":"https:\/\/www.bellesimagesphotographies.com\/index.php\/wp-json\/wp\/v2\/media?parent=86"}],"curies":[{"name":"wp","href":"https:\/\/api.w.org\/{rel}","templated":true}]}}